{"id":4024,"date":"2021-12-04T18:28:08","date_gmt":"2021-12-04T17:28:08","guid":{"rendered":"https:\/\/www.pfarresanktnikolaus.at\/wp\/?page_id=4024"},"modified":"2022-03-20T18:45:59","modified_gmt":"2022-03-20T17:45:59","slug":"pfarrgemeinderats-wahl-2022","status":"publish","type":"page","link":"https:\/\/www.pfarresanktnikolaus.at\/wp\/?page_id=4024","title":{"rendered":"Pfarrgemeinderats-Wahl 2022"},"content":{"rendered":"\n<p class=\"has-medium-font-size\">Am 20. M\u00e4rz 2022 fanden die \u00f6sterreichweiten Pfarrgemeinderatswahlen statt. In unserer Pfarre hatten sich 18 Personen zur Kandidatur bereit erkl\u00e4rt.<\/p>\n\n\n\n<p class=\"has-medium-font-size\">Das Ergebnis der Wahl finden Sie untenstehend.<\/p>\n\n\n\n<p class=\"has-cyan-bluish-gray-background-color has-background\"><strong>Inhaltsverzeichnis<\/strong><br><a href=\"#ergebnis\" data-type=\"internal\" data-id=\"#ergebnis\">Ergebnis der Wahl<\/a><br><a rel=\"noreferrer noopener\" href=\"https:\/\/www.pfarresanktnikolaus.at\/wp\/?p=4018\" target=\"_blank\">Kandidat*innen f\u00fcr unseren Pfarrgemeinderat<\/a><br><a href=\"#wahlzeiten\" data-type=\"internal\" data-id=\"#wahlzeiten\">Wahlzeiten<\/a><br><a href=\"#wasist\" data-type=\"internal\" data-id=\"#wasist\">Was ist ein Pfarrgemeinderat? Warum werden die Mitglieder des Pfarrgemeinderats gew\u00e4hlt?<\/a><br><a href=\"#wahlvorstand\" data-type=\"internal\" data-id=\"#wahlvorstand\">Unser Wahlvorstand<\/a><br><a href=\"http:\/\/beifragen\" data-type=\"URL\" data-id=\"beifragen\">Bei Fragen<\/a><\/p>\n\n\n\n<h2 class=\"wp-block-heading\" id=\"ergebnis\">Ergebnis der Wahl<\/h2>\n\n\n\n<h3 class=\"wp-block-heading\">Gew\u00e4hlte Mitglieder<\/h3>\n\n\n\n<p class=\"has-small-font-size\">(FAMILIENNAME Vorname, Geburtsjahr)<\/p>\n\n\n\n<p><strong>KLETZL <\/strong>Renate, 1960<\/p>\n\n\n\n<p><strong>PETRASCHEK <\/strong>Paul, 1957<\/p>\n\n\n\n<p><strong>LAHNER-TRIMMEL <\/strong>Ulrike, 1968<\/p>\n\n\n\n<p><strong>TRIMMEL <\/strong>Katharina, 1996<\/p>\n\n\n\n<p><strong>CHALUPSKY <\/strong>Nina, 1957<\/p>\n\n\n\n<p><strong>BRESICH <\/strong>Helga, 1956<\/p>\n\n\n\n<p><strong>HEIMHILCHER-DOHNAL<\/strong> Ulrike, 1961<\/p>\n\n\n\n<h3 class=\"wp-block-heading\">Ersatzmitglieder<\/h3>\n\n\n\n<p class=\"has-small-font-size\">(FAMILIENNAME Vorname, Geburtsjahr)<\/p>\n\n\n\n<p><strong>BUBITS <\/strong>Michael, 1996<\/p>\n\n\n\n<p><strong>PETROVIC <\/strong>Mirela, 1994<\/p>\n\n\n\n<p><strong>MALINA <\/strong>Eva, 1942<\/p>\n\n\n\n<p><strong>AMTMANN <\/strong>Maria, 1958<\/p>\n\n\n\n<p><strong>WEBER <\/strong>Mario, 1994<\/p>\n\n\n\n<p><strong>POPOTNIG <\/strong>Franz, 1951<\/p>\n\n\n\n<p><strong>HAUPTMANN <\/strong>Reinhard, 1942<\/p>\n\n\n\n<p><strong>RENSCHKY <\/strong>Rebecca, 1987<\/p>\n\n\n\n<p><strong>BUDEK <\/strong>Dorota, 1970<\/p>\n\n\n\n<p><strong>ZORICH <\/strong>Ferdinand, 1947<\/p>\n\n\n\n<p><strong>DODIG-PERNAR <\/strong>Marina, 1978<\/p>\n\n\n\n<h2 class=\"wp-block-heading\" id=\"wahlzeiten\">Wahlzeiten<\/h2>\n\n\n\n<p><strong>Freitag, 18. M\u00e4rz 2022<\/strong>, 18:45 \u2013 19:30 Uhr<br>(im Anschluss an die Abendmesse)<br><strong>Samstag, 19. M\u00e4rz 2022<\/strong>, 18:45 \u2013 19:30 Uhr<br>(im Anschluss an die Abendmesse)<br><strong>Sonntag, 20. M\u00e4rz 2022<\/strong>, 08:30 \u2013 12:00 Uhr<br>(mit Ausnahme des laufenden Gottesdienstes)<br><br>in unserer Pfarre Inzersdorf St. Nikolaus (die genauen<br>Wahlorte werden ausgeschildert)<\/p>\n\n\n\n<h2 class=\"wp-block-heading\" id=\"wer-kann-wahlen\">Wer konnte w\u00e4hlen?<\/h2>\n\n\n\n<p><strong>Wahlberechtigt waren alle Katholik*innen,<\/strong> die vor dem 20. M\u00e4rz 2022 das 16. Lebensjahr vollendet haben oder j\u00fcnger sind, aber das Sakrament der Firmung bereits empfangen haben, am Wahltag <strong>einen Wohnsitz im Pfarrgebiet haben oder regelm\u00e4\u00dfig am Leben der Pfarre teilnehmen<\/strong>.<\/p>\n\n\n\n<p><strong>Auch alle Kinder <\/strong>haben eine <strong>Stimme<\/strong>. Das Stimmrecht wird von den erziehungsberechtigten Eltern ausge\u00fcbt. Erziehungsberechtigte Eltern vereinbaren unter sich, wer das Stimmrecht f\u00fcr die Kinder aus\u00fcbt.<\/p>\n\n\n\n<p style=\"font-size:18px\">Bis zu maximal sieben Personen konnten Sie Ihre Stimme geben. Danke, dass Sie sich diese Gelegenheiten nicht entgehen haben lassen, unsere Pfarre durch Ihre <strong>Beteiligung <\/strong>zu bereichern und zu gestalten.<\/p>\n\n\n\n<h2 class=\"wp-block-heading\" id=\"wasist\">Was ist ein Pfarrgemeinderat? Warum wurden die Mitglieder des Pfarrgemeinderats gew\u00e4hlt?<\/h2>\n\n\n\n<p>Der Pfarrgemeinderat ist das Leitungsgremium einer Pfarre, in dem die gro\u00dfen Entwicklungslinien der Pfarre besprochen und gekl\u00e4rt werden. Es ist Ausdruck der gemeinsamen Verantwortung aller Gl\u00e4ubigen, in der Frauen und M\u00e4nner gemeinsam mit dem Pfarrer das Pfarrleben gestalten.<\/p>\n\n\n\n<p>Durch die Wahl der gew\u00e4hlten Mitglieder im Pfarrgemeinderat hat die ganze Pfarrgemeinde die M\u00f6glichkeit, sich an der Entwicklung der Pfarre zu beteiligen und durch die Wahl eine Richtung vorzugeben. Gleichzeitig gibt die Pfarrgemeinde dem Pfarrgemeinderat und seinen Entscheidungen durch die Wahl R\u00fcckhalt und Best\u00e4tigung.<\/p>\n\n\n\n<p>Die genaue Zusammensetzung des PGR, des VVR und des Pfarrvorstandes f\u00fcr die kommende Periode werden nach der konstituierenden Sitzung des neuen PGR bekanntgegeben.<\/p>\n\n\n\n<h2 class=\"wp-block-heading\" id=\"kandidat-innen-fur-unseren-pfarrgemeinderat\">Kandidat*innen f\u00fcr unseren Pfarrgemeinderat<\/h2>\n\n\n\n<p>In unserer Pfarre wurden sieben Pfarrgemeindr\u00e4te gew\u00e4hlt. Insgesamt 18 Menschen, die sich unserer Pfarre zugeh\u00f6rig f\u00fchlen, stellten sich der Wahl. Aus unterschiedlichsten Altersgruppen, Herk\u00fcnften, Berufen, und nicht zuletzt Geschichten ihres Lebens in der Pfarre. In den <a href=\"https:\/\/www.pfarresanktnikolaus.at\/wp\/?p=4018\" data-type=\"URL\" data-id=\"https:\/\/www.pfarresanktnikolaus.at\/wp\/?p=4018\">Kurzbotschaften<\/a> stellten sie sich vor.<\/p>\n\n\n\n<h2 class=\"wp-block-heading\" id=\"wahlvorstand\">Unser Wahlvorstand<\/h2>\n\n\n\n<p>Die Pfarrgemeinderatswahl in unserer Pfarre wurde vom Wahlvorstand vorbereitet und abgewickelt. Dem Wahlvorstand geh\u00f6rten an:<br>Helga Bresich, Pfarrer Zvonko Brezovski, Nina Chalupsky, Helmut Heimhilcher, Johannes Trimmel (Vorsitzender)<\/p>\n\n\n\n<p id=\"beifragen\">Haben Sie Fragen zur Pfarrgemeinderatswahl? Bitte schreiben Sie eine E-Mail an <a rel=\"noreferrer noopener\" href=\"mailto:pgrwahl@pfarresanktnikolaus.at\" target=\"_blank\">pgrwahl@pfarresanktnikolaus.at<\/a> oder wenden Sie sich an ein Mitglied des Wahlvorstands.<\/p>\n\n\n\n<figure class=\"wp-block-image size-large\"><img loading=\"lazy\" decoding=\"async\" width=\"1024\" height=\"722\" src=\"https:\/\/www.pfarresanktnikolaus.at\/wp\/wp-content\/uploads\/2022\/02\/pgrplakat-1024x722.jpg\" alt=\"\" class=\"wp-image-4306\" srcset=\"https:\/\/www.pfarresanktnikolaus.at\/wp\/wp-content\/uploads\/2022\/02\/pgrplakat-1024x722.jpg 1024w, https:\/\/www.pfarresanktnikolaus.at\/wp\/wp-content\/uploads\/2022\/02\/pgrplakat-300x211.jpg 300w, https:\/\/www.pfarresanktnikolaus.at\/wp\/wp-content\/uploads\/2022\/02\/pgrplakat-768x541.jpg 768w, https:\/\/www.pfarresanktnikolaus.at\/wp\/wp-content\/uploads\/2022\/02\/pgrplakat.jpg 1287w\" sizes=\"auto, (max-width: 1024px) 100vw, 1024px\" \/><\/figure>\n","protected":false},"excerpt":{"rendered":"<p>Das Ergebnis ist online: Erfahren Sie, welche Kandidat*innen gew\u00e4hlt wurden!<\/p>\n","protected":false},"author":6,"featured_media":4030,"parent":0,"menu_order":0,"comment_status":"closed","ping_status":"closed","template":"","meta":{"inline_featured_image":false,"footnotes":""},"class_list":["post-4024","page","type-page","status-publish","has-post-thumbnail","hentry"],"_links":{"self":[{"href":"https:\/\/www.pfarresanktnikolaus.at\/wp\/index.php?rest_route=\/wp\/v2\/pages\/4024","targetHints":{"allow":["GET"]}}],"collection":[{"href":"https:\/\/www.pfarresanktnikolaus.at\/wp\/index.php?rest_route=\/wp\/v2\/pages"}],"about":[{"href":"https:\/\/www.pfarresanktnikolaus.at\/wp\/index.php?rest_route=\/wp\/v2\/types\/page"}],"author":[{"embeddable":true,"href":"https:\/\/www.pfarresanktnikolaus.at\/wp\/index.php?rest_route=\/wp\/v2\/users\/6"}],"replies":[{"embeddable":true,"href":"https:\/\/www.pfarresanktnikolaus.at\/wp\/index.php?rest_route=%2Fwp%2Fv2%2Fcomments&post=4024"}],"version-history":[{"count":15,"href":"https:\/\/www.pfarresanktnikolaus.at\/wp\/index.php?rest_route=\/wp\/v2\/pages\/4024\/revisions"}],"predecessor-version":[{"id":4430,"href":"https:\/\/www.pfarresanktnikolaus.at\/wp\/index.php?rest_route=\/wp\/v2\/pages\/4024\/revisions\/4430"}],"wp:featuredmedia":[{"embeddable":true,"href":"https:\/\/www.pfarresanktnikolaus.at\/wp\/index.php?rest_route=\/wp\/v2\/media\/4030"}],"wp:attachment":[{"href":"https:\/\/www.pfarresanktnikolaus.at\/wp\/index.php?rest_route=%2Fwp%2Fv2%2Fmedia&parent=4024"}],"curies":[{"name":"wp","href":"https:\/\/api.w.org\/{rel}","templated":true}]}}

<p class="has-medium-font-size">Am 20. März 2022 fanden die österreichweiten Pfarrgemeinderatswahlen statt. In unserer Pfarre hatten sich 18 Personen zur Kandidatur bereit erklärt.</p>



<p class="has-medium-font-size">Das Ergebnis der Wahl finden Sie untenstehend.</p>



<p class="has-cyan-bluish-gray-background-color has-background"><strong>Inhaltsverzeichnis</strong><br><a href="#ergebnis" data-type="internal" data-id="#ergebnis">Ergebnis der Wahl</a><br><a rel="noreferrer noopener" href="https://www.pfarresanktnikolaus.at/wp/?p=4018" target="_blank">Kandidat*innen für unseren Pfarrgemeinderat</a><br><a href="#wahlzeiten" data-type="internal" data-id="#wahlzeiten">Wahlzeiten</a><br><a href="#wasist" data-type="internal" data-id="#wasist">Was ist ein Pfarrgemeinderat? Warum werden die Mitglieder des Pfarrgemeinderats gewählt?</a><br><a href="#wahlvorstand" data-type="internal" data-id="#wahlvorstand">Unser Wahlvorstand</a><br><a href="http://beifragen" data-type="URL" data-id="beifragen">Bei Fragen</a></p>



<h2 class="wp-block-heading" id="ergebnis">Ergebnis der Wahl</h2>



<h3 class="wp-block-heading">Gewählte Mitglieder</h3>



<p class="has-small-font-size">(FAMILIENNAME Vorname, Geburtsjahr)</p>



<p><strong>KLETZL </strong>Renate, 1960</p>



<p><strong>PETRASCHEK </strong>Paul, 1957</p>



<p><strong>LAHNER-TRIMMEL </strong>Ulrike, 1968</p>



<p><strong>TRIMMEL </strong>Katharina, 1996</p>



<p><strong>CHALUPSKY </strong>Nina, 1957</p>



<p><strong>BRESICH </strong>Helga, 1956</p>



<p><strong>HEIMHILCHER-DOHNAL</strong> Ulrike, 1961</p>



<h3 class="wp-block-heading">Ersatzmitglieder</h3>



<p class="has-small-font-size">(FAMILIENNAME Vorname, Geburtsjahr)</p>



<p><strong>BUBITS </strong>Michael, 1996</p>



<p><strong>PETROVIC </strong>Mirela, 1994</p>



<p><strong>MALINA </strong>Eva, 1942</p>



<p><strong>AMTMANN </strong>Maria, 1958</p>



<p><strong>WEBER </strong>Mario, 1994</p>



<p><strong>POPOTNIG </strong>Franz, 1951</p>



<p><strong>HAUPTMANN </strong>Reinhard, 1942</p>



<p><strong>RENSCHKY </strong>Rebecca, 1987</p>



<p><strong>BUDEK </strong>Dorota, 1970</p>



<p><strong>ZORICH </strong>Ferdinand, 1947</p>



<p><strong>DODIG-PERNAR </strong>Marina, 1978</p>



<h2 class="wp-block-heading" id="wahlzeiten">Wahlzeiten</h2>



<p><strong>Freitag, 18. März 2022</strong>, 18:45 – 19:30 Uhr<br>(im Anschluss an die Abendmesse)<br><strong>Samstag, 19. März 2022</strong>, 18:45 – 19:30 Uhr<br>(im Anschluss an die Abendmesse)<br><strong>Sonntag, 20. März 2022</strong>, 08:30 – 12:00 Uhr<br>(mit Ausnahme des laufenden Gottesdienstes)<br><br>in unserer Pfarre Inzersdorf St. Nikolaus (die genauen<br>Wahlorte werden ausgeschildert)</p>



<h2 class="wp-block-heading" id="wer-kann-wahlen">Wer konnte wählen?</h2>



<p><strong>Wahlberechtigt waren alle Katholik*innen,</strong> die vor dem 20. März 2022 das 16. Lebensjahr vollendet haben oder jünger sind, aber das Sakrament der Firmung bereits empfangen haben, am Wahltag <strong>einen Wohnsitz im Pfarrgebiet haben oder regelmäßig am Leben der Pfarre teilnehmen</strong>.</p>



<p><strong>Auch alle Kinder </strong>haben eine <strong>Stimme</strong>. Das Stimmrecht wird von den erziehungsberechtigten Eltern ausgeübt. Erziehungsberechtigte Eltern vereinbaren unter sich, wer das Stimmrecht für die Kinder ausübt.</p>



<p style="font-size:18px">Bis zu maximal sieben Personen konnten Sie Ihre Stimme geben. Danke, dass Sie sich diese Gelegenheiten nicht entgehen haben lassen, unsere Pfarre durch Ihre <strong>Beteiligung </strong>zu bereichern und zu gestalten.</p>



<h2 class="wp-block-heading" id="wasist">Was ist ein Pfarrgemeinderat? Warum wurden die Mitglieder des Pfarrgemeinderats gewählt?</h2>



<p>Der Pfarrgemeinderat ist das Leitungsgremium einer Pfarre, in dem die großen Entwicklungslinien der Pfarre besprochen und geklärt werden. Es ist Ausdruck der gemeinsamen Verantwortung aller Gläubigen, in der Frauen und Männer gemeinsam mit dem Pfarrer das Pfarrleben gestalten.</p>



<p>Durch die Wahl der gewählten Mitglieder im Pfarrgemeinderat hat die ganze Pfarrgemeinde die Möglichkeit, sich an der Entwicklung der Pfarre zu beteiligen und durch die Wahl eine Richtung vorzugeben. Gleichzeitig gibt die Pfarrgemeinde dem Pfarrgemeinderat und seinen Entscheidungen durch die Wahl Rückhalt und Bestätigung.</p>



<p>Die genaue Zusammensetzung des PGR, des VVR und des Pfarrvorstandes für die kommende Periode werden nach der konstituierenden Sitzung des neuen PGR bekanntgegeben.</p>



<h2 class="wp-block-heading" id="kandidat-innen-fur-unseren-pfarrgemeinderat">Kandidat*innen für unseren Pfarrgemeinderat</h2>



<p>In unserer Pfarre wurden sieben Pfarrgemeindräte gewählt. Insgesamt 18 Menschen, die sich unserer Pfarre zugehörig fühlen, stellten sich der Wahl. Aus unterschiedlichsten Altersgruppen, Herkünften, Berufen, und nicht zuletzt Geschichten ihres Lebens in der Pfarre. In den <a href="https://www.pfarresanktnikolaus.at/wp/?p=4018" data-type="URL" data-id="https://www.pfarresanktnikolaus.at/wp/?p=4018">Kurzbotschaften</a> stellten sie sich vor.</p>



<h2 class="wp-block-heading" id="wahlvorstand">Unser Wahlvorstand</h2>



<p>Die Pfarrgemeinderatswahl in unserer Pfarre wurde vom Wahlvorstand vorbereitet und abgewickelt. Dem Wahlvorstand gehörten an:<br>Helga Bresich, Pfarrer Zvonko Brezovski, Nina Chalupsky, Helmut Heimhilcher, Johannes Trimmel (Vorsitzender)</p>



<p id="beifragen">Haben Sie Fragen zur Pfarrgemeinderatswahl? Bitte schreiben Sie eine E-Mail an <a rel="noreferrer noopener" href="mailto:pgrwahl@pfarresanktnikolaus.at" target="_blank">pgrwahl@pfarresanktnikolaus.at</a> oder wenden Sie sich an ein Mitglied des Wahlvorstands.</p>



<figure class="wp-block-image size-large"><img loading="lazy" decoding="async" width="1024" height="722" src="https://www.pfarresanktnikolaus.at/wp/wp-content/uploads/2022/02/pgrplakat-1024x722.jpg" alt="" class="wp-image-4306" srcset="https://www.pfarresanktnikolaus.at/wp/wp-content/uploads/2022/02/pgrplakat-1024x722.jpg 1024w, https://www.pfarresanktnikolaus.at/wp/wp-content/uploads/2022/02/pgrplakat-300x211.jpg 300w, https://www.pfarresanktnikolaus.at/wp/wp-content/uploads/2022/02/pgrplakat-768x541.jpg 768w, https://www.pfarresanktnikolaus.at/wp/wp-content/uploads/2022/02/pgrplakat.jpg 1287w" sizes="auto, (max-width: 1024px) 100vw, 1024px" /></figure>

<p>Das Ergebnis ist online: Erfahren Sie, welche Kandidat*innen gewählt wurden!</p>
